+ 39969. What is the hundreds digit of y?
4
Suppose -4*i + 1401 = -3*k, k - 259 = -2*i + 434. Suppose -23 = -4*x - 15, 4*s = -2*x + i. What is the tens digit of s?
8
Suppose 4*k - 4*p - p - 20 = 0, 0 = -2*k - 2*p + 10. Suppose -14*u + 2679 = k*u. What is the tens digit of u?
4
Let x = -2175 - -9570. Suppose 16*f = -f + x. What is the units digit of f?
5
Suppose -1089 - 203 = 4*w. Let c = 380 + w. What is the units digit of c?
7
Let a = -15805 - -30300. What is the ten thousands digit of a?
1
Let y(u) = 2*u**3 - 4*u**2 + 8*u - 16. Let l be y(6). Suppose 14*m = 10*m + l. Suppose 0 = -5*f + 135 + m. What is the tens digit of f?
4
Let c = 8149 - 2763. What is the units digit of c?
6
Let g(i) = -60*i**3 + 4*i**2 + 27*i - 45. Let j be g(-9). Suppose 13*t - 51*t + j = 0. What is the units digit of t?
2
Let f(z) = 722*z**2 - 689*z - 12. What is the thousands digit of f(5)?
4
Let o(x) = x**3 + 11*x**2 + 10*x + 1. Let y be o(-10). Suppose 0 = 3*v - 13 + y. What is the units digit of (v/5)/((-12)/(-90))?
6
Let m be 4/(-6)*8/(-6)*9. Let t be 18 - 9 - m/2. Suppose t*k = -d + 158, -5*d + 130 = 4*k - 3*d. What is the tens digit of k?
3
Let o be ((-6)/42)/((-1)/7)*1. Let w be 2*o/9 - 550/(-198). Suppose 0*u + w*y + 21 = u, -4*y + 35 = u. What is the tens digit of u?
2
Suppose 40*u = 44*u - 3*g - 55002, -3*g + 13743 = u. What is the ten thousands digit of u?
1
Suppose -3*d + d = -3*k + 1163, d = -k + 396. Suppose -k = -2*z + 365. What is the units digit of z?
8
Let m = 6395 - 4377. What is the units digit of m?
8
Let x = -32335 - -94117. What is the ten thousands digit of x?
6
Let g(l) = 3*l**3 - 3*l**2 + 0*l**2 + 10*l - 12*l. Let p be g(-1). What is the units digit of 4*(-2)/p*(-5)/(-2)?
5
Suppose 219*i - 2499841 = -164*i. What is the tens digit of i?
2
Let n = 1717 - 1658. What is the tens digit of n?
5
Let v(x) = -x**3 - 14*x**2 - 13*x - 6. Let h be v(-13). Let i be (-1)/h*2*-3. What is the hundreds digit of 121 - (-3)/(i - 2)?
1
Let f(v) = 4*v**2 - 12*v - 47. Let p(i) = -2*i**2 + 6*i. Let t be p(4). What is the units digit of f(t)?
5
Let x(p) = -p**3 + 7*p**2 + 10*p - 16. Let z be x(8). What is the hundreds digit of (z + 1 + 158)/(8 + -7)?
1
Suppose 0 = -3*z - 3*k + 24069, 2*z - 8*k - 16038 = -12*k. What is the units digit of z?
7
Let o = 87 - 76. Let j(r) = 73*r - 62. What is the units digit of j(o)?
1
Let w be (-94)/(-4) + 2/4. Suppose -15*n = -57*n + 588. Let p = n + w. What is the tens digit of p?
3
Suppose 4*l = -15*l - 2109. Let m = l - -655. What is the tens digit of m?
4
What is the ten thousands digit of ((-68790)/(-9))/(32/48)?
1
Let v(x) = 5402*x + 6666. What is the units digit of v(4)?
4
Suppose 53 = 12*v + 5. Suppose 898 + 591 = 3*n + h, -v*n + 1980 = -4*h. What is the hundreds digit of n?
4
Let a(h) be the first derivative of h**5/30 - 17*h**4/24 + 11*h**3/6 - 3*h**2 + 35. Let f(k) be the second derivative of a(k). What is the tens digit of f(9)?
2
Let v(d) = d - d**2 + 3*d**2 - d**3 - d - 6*d - 5 - 4*d. What is the units digit of v(-9)?
6
Suppose 0 = r + 5*l - 1198, -2*r = 4*l + 275 - 2695. Suppose -a - 4 = 0, -a = -2*x - 3*a + r. What is the units digit of x?
3
Let h = 10743 + -4507. What is the hundreds digit of h?
2
Suppose -140*q = -137*q - 198. Suppose q*n - 64*n = 460. What is the tens digit of n?
3
Suppose b + 2*c + 2*c = 17, -5*c = b - 21. Let v(y) = 302*y**2 + 7*y - 8. What is the hundreds digit of v(b)?
3
Let m = -213 - -126. Let t = m - -102. Suppose 0 = 4*p - 3*a - 1061, 5*a = -t + 40. What is the hundreds digit of p?
2
Let h(k) = 423*k - 4. Let b(d) = -d**2 - 15*d - 43. Let t be b(-11). What is the hundreds digit of h(t)?
4
Let t(w) = 499*w**2 + 82*w - 325. What is the hundreds digit of t(4)?
9
Let b = -8 + 5. Let t(p) = 43*p + 1252. Let u be t(-29). What is the units digit of 3/(b/1) + u?
4
Let p = -266582 + 101681. What is the hundreds digit of (-4)/30 + p/(-495)?
3
Suppose 4*h = 2*h - 4, -3*h + 5014 = -4*l. What is the units digit of 2/(-8)*(27 + l)?
7
Let j(x) = x**3 - 12*x**2 - 32*x + 41. Suppose -12*o + 4*o = -128. What is the units digit of j(o)?
3
Let h(g) = -77*g**3 + g**2 - 2*g - 2. Suppose 4*m - 3*a = -36, 12 = 3*a - 0. Let o = m - -5. What is the units digit of h(o)?
8
Let k(w) = 71*w + 25. Let u be k(1). Let r = 87 - -49. Let d = r - u. What is the units digit of d?
0
Let r be (-19272 - (-4 - -6))*(-2)/4. Suppose -2567 = 14*j - r. What is the hundreds digit of j?
5
Suppose 4*n - 5*n = 4*i - 331, n - 366 = 3*i. Suppose 0 = -3*x + 5*d + n, -3*x + 0*x = -d - 351. What is the units digit of x?
7
Suppose -1183*x = -1157*x - 177286 + 22846. What is the units digit of x?
0
Let l(m) = 338*m - 652. What is the thousands digit of l(21)?
6
Let t = -651 + 1345. Let i(n) = n**2 - 2*n + 1. Let f be i(3). What is the units digit of t/10 + (18/5 - f)?
9
Let m be 1 + 1 + -2 + -2. Let o be 2/(-2)*(-114)/m. Let n = o - -74. What is the units digit of n?
7
Let w = -96 + 103. Suppose -1361 + 542 = -w*x. What is the tens digit of x?
1
Let a(b) = b**2 + 10*b + 2. Let h be a(-10). Suppose 2856 = h*n + 2*n + z, 2129 = 3*n + 4*z. Suppose -10*x + n = 3*x. What is the units digit of x?
5
Suppose -3*z - 356 = 4*t + z, -4*z = 3*t + 263. Suppose -4*v = 3*u - 656, 4*v - v = 5*u + 521. Let s = v + t. What is the tens digit of s?
7
Let s(m) = -2*m - 3. Let u be s(-3). Let k be 299 + 1/(-1)*u. Suppose 3*w - g - k = 0, 3*g = -3*w + 6*g + 288. What is the tens digit of w?
0
Let q = 39633 - 22216. What is the units digit of q?
7
Suppose 0 = -2*p + 2986 + 5370. Suppose -m - c + p = 2*m, -15 = -3*c. What is the units digit of m?
1
Suppose -3*m + 5*n + 200 = -0*m, 0 = 2*n + 2. Let u be (m/(-15) + 5)/(2/234). Let w = u - 59. What is the tens digit of w?
1
Suppose 223 = -3*p + 25. Let q = 71 + p. What is the units digit of q?
5
Let v(h) = -18*h**2 + 6*h - 5. Let o be v(3). Let x = 253 + o. Let d = x - 37. What is the tens digit of d?
6
Let g = -126 + 118. Let b be 0/g*(-2)/4. Suppose 14*i - 3126 + 760 = b. What is the hundreds digit of i?
1
Let f(z) = -7*z - 3. Let k be f(-1). Suppose 5*v + k*b = v + 68, -v = -3*b - 13. What is the units digit of v?
6
Suppose -126274 = 39*z - 58*z. What is the units digit of z?
6
Let a(q) = -3 + 0 - 2 + 26*q - 25*q + 23*q**2. Let d be a(-4). Let m = d - 182. What is the units digit of m?
7
What is the tens digit of -1*(-115572)/(-30)*(44/(-8) + 3)?
3
Let o = 3 - -2. Suppose 8 = o*d - 7. Suppose -d*k = 13 - 214. What is the units digit of k?
7
Suppose 2*d - 15988 = -11638 + 23666. What is the tens digit of d?
0
Suppose 0 = 31*n + 147*n - 1345858. What is the tens digit of n?
6
Suppose 26*t - 105 = 23*t. What is the hundreds digit of (-2714)/(-14) - (-7 + 240/t)?
1
Let f(n) = -n**2 + 4*n + 337. Let h be (-2 - -2)/(-11 + 10). What is the tens digit of f(h)?
3
Let q(o) = -28*o**3 - 6*o**2 - 22*o - 27. What is the units digit of q(-8)?
1
Let m be 10 - (-4 + 0 + 0). Let z = -6 + m. What is the tens digit of 6/z - 356/(-16)?
2
Let k be 9/4 + -3 + (-15)/(-4). Let r be (0/k - 0) + 5. What is the units digit of 7*(r/10)/((-2)/(-12))?
1
Let r = 261 + -261. Suppose 2*x - 2*z - 1658 = -2*x, -x + z + 412 = r. What is the tens digit of x?
1
Suppose x = -10*x - 44. Suppose 8 = -4*b - 4*t, 4*t - 7 + 1 = 3*b. What is the tens digit of ((-16)/x - 2)/(b/(-33))?
3
Let v = -13676 - -21976. What is the tens digit of v?
0
Suppose -5*p - 1899720 = -140*p. What is the tens digit of p?
7
Let l(u) = 38*u - 69. Let y be l(25). Let v = 1557 - y. What is the units digit of v?
6
Suppose 0*n = 3*n + 4*a - 907, -2*n + 620 = -5*a. Let u = -212 + n. What is the units digit of u?
3
Suppose 2*z - 10 = 2*r, 2*r - 4*r - 6 = 0. Suppose 20 = 4*m + c, -8 - 2 = -2*m + z*c. Suppose 4*j - m*k + 9 = 2*j, 4*j + 3*k = 47. What is the units digit of j?
8
Let c be ((-6)/4)/(9/(-30)). Suppose c*y - 80 = y. What is the hundreds digit of ((-428)/y)/(4/(-20))?
1
Suppose 3*m = -9, -5226 = -0*t - 2*t + 2*m. Suppose -w + t = 28*w. What is the units digit of w?
0
Suppose 44*t = 49*t + 5*o - 32695, 0 = -3*t - o + 19603. What is the hundreds digit of t?
5
Suppose 33*u = 269615 + 165132 - 143654. What is the tens digit of u?
2
Let k be (-5 - (-17)/3)/((-4)/(-138)). Suppose -b + 4*f + k = 0, 4*f + 37 = -b + 4*b. What is the units digit of (-505)/(-6) + b/(-42)?
4
Suppose -5*w + g +